 y(d) = -2*d. Give y(a).
-8
Let a(l) be the third derivative of -l**7/2520 - l**6/144 + l**5/30 - l**2. Let d(r) be the third derivative of a(r). What is d(-5)?
5
Let z(u) = -u**3 + u**2 - u. Let n(s) = s**2 + 8*s - 9. Let f be n(-9). What is z(f)?
0
Let n(i) = -2*i**2 - i - 1. Let h(p) = p**2. Let a(z) = 3*h(z) + n(z). Let m(b) = 5*b - 4. Let c(o) = a(o) - m(o). Determine c(4).
-5
Let k(a) be the third derivative of a**4/24 + a**3/3 - a**2. Let i(v) = -v - 2. Let w be i(-3). Let g(c) = -3*c. Let j be g(w). Determine k(j).
-1
Suppose 4*x - 152 = -24. Let j(o) = -32 + o + x + 11*o**2. Determine j(-1).
10
Let p(u) = u**3 + 5*u**2 - u. Suppose 4*a - 3*a = -4. What is p(a)?
20
Let u(s) = 2*s**3 - 3*s**2 + 2. Let v(a) = -2*a**2 + 7*a - 6. Let c be v(4). Let r = c + 12. Determine u(r).
6
Let p(o) = 2*o + 4. Let g(n) = 9*n + 17. Let u(c) = 6*g(c) - 26*p(c). Calculate u(-3).
-8
Let y be (2 + -1)/(1/2). Let k = -5 - -5. Let p(w) = -2 + 3*w + 1 + k*w. Give p(y).
5
Suppose 0 = 3*f + 5*u - 49, 2*f + 0*f + 3*u - 31 = 0. Let b(k) = k**3 - 7*k**2 - 6*k - 7. Give b(f).
9
Let c(b) be the first derivative of b**4/24 + 5*b**3/6 + b**2 + 1. Let x(q) be the second derivative of c(q). What is x(-6)?
-1
Let y(z) = -z**2 - 7*z. Suppose -v - 19 = 4*l, -4*v - 25 = -v + 4*l. Determine y(v).
12
Let t be 1/(10/12)*-5. Let g(k) be the third derivative of 6*k**2 + 0*k - 1/4*k**4 - 1/60*k**5 + 0 - 5/6*k**3. What is g(t)?
-5
Let n(v) = 3*v - 7. Let d be n(5). Let z be (-17)/(-5) + d/(-20). Let m(u) = 4*u**z + 3*u**3 - 6*u**3 + u - u**2. What is m(2)?
6
Suppose 3*u - 6 = -0. Let m(x) = 6*x**2 - 4 - 5*x**u - 5*x - 2*x**2. Let k be m(-4). Let d(c) = c**3 - c**2 - c + 4. Determine d(k).
4
Let g be 4 + (2 - 4) + 13. Let z(b) = b**3 - 16*b**2 + 15*b + 3. Calculate z(g).
3
Let w be (-14)/(-8) + (-4)/(-16). Let f(c) = 3*c + 7 - 3 + 4*c**w - c**3 + 1. Let a be f(5). Let p(v) = v**2 + 4*v - 1. What is p(a)?
4
Let p = 10 - 7. Let l(v) = -v + v**2 + p*v - 2*v - v. Determine l(1).
0
Let t(g) = -1 - 2 - 5*g**3 + 6*g**2 + 6*g**3. Determine t(-6).
-3
Let j(y) be the second derivative of -y**3/6 - 3*y**2 + 2*y. Calculate j(-5).
-1
Let v(g) = 5*g**3 - 4*g**2 + 4*g - 4. Let x(n) = -11*n**3 + 8*n**2 - 9*n + 8. Let u(l) = 9*v(l) + 4*x(l). What is u(3)?
-13
Let k(w) be the first derivative of -5*w**2/2 + 12. Give k(-3).
15
Let c(b) be the first derivative of -1/3*b**3 - 1/2*b**2 - 2 + 4*b. Give c(-3).
-2
Let f(w) = -w**3 - 8*w**2 + 6*w - 21. Let o be f(-9). Let i(p) = p**2 - 4*p - 1. Determine i(o).
11
Let z = 4 + 12. Suppose 2*t + z = -2*t. Let s(m) = m**2 + 3*m + 2. What is s(t)?
6
Let o be (-14)/35 - 3/5. Let s(z) = z**3 + 3*z**2 + 2*z + 1. What is s(o)?
1
Let h(x) = -x**2 - x + 1. Let y(l) = -4*l**2 - 2*l + 9. Let n(w) = -5*h(w) + y(w). What is n(-3)?
4
Let a = 4 + -4. Let z be a - 3*3/9. Let w(q) = 6*q**3 + 2*q**2 + 11*q - 13. Let u(i) = -3*i**3 - i**2 - 6*i + 7. Let g(h) = 11*u(h) + 6*w(h). What is g(z)?
-3
Let z(y) = y**2 + y. Let p = -18 + 30. Let r be 22/(-8) + (-3)/p. Let m(f) = -4*f**2 - 10*f - 4. Let v(l) = r*z(l) - m(l). Calculate v(-3).
-8
Suppose 0 = -2*f + 6, 3*y - 3*f = -2*y + 6. Let w(h) = -h**2 + 0 - 3 - h**3 + h + 0 + y*h. Calculate w(2).
-7
Let b = 0 - -2. Let a be (-9)/(-3)*b - 0. Let m(g) = -3*g + a - g**3 - 3 + 7*g - 3*g**2. What is m(-3)?
-9
Let q(p) = -p + 7. Suppose -22 = -2*d + 5*f, -4*d + 3*f = f - 44. Suppose 5*t + 4*s = 42, 1 + d = 4*s. Determine q(t).
1
Let m = 11 + -3. Suppose 2*l - m = -2*l. Let p(i) = 0*i - 2 - i**l + 0 - 5*i. Give p(-3).
4
Let j(u) be the third derivative of 0 - u**2 + 1/3*u**3 + 1/6*u**4 + 0*u. Suppose 0 = 2*b - 2*x + 3 - 7, -b = 2*x + 10. Determine j(b).
-6
Let p = -5 - -1. Suppose -2*s - 2 = 4*a - 8, 3*a + 28 = 5*s. Let t(y) = -3*y**2 + 1 + s*y - 2*y - 5 - y**3. What is t(p)?
0
Let b(q) = q**2 + q + 1. Let h(p) = p**3 + 2*p**2 + 4*p + 3. Suppose 3*d + 3 - 18 = 0. Let s(x) = d*b(x) - h(x). Give s(3).
5
Let f(v) = v**3 - v**2 - v + 1. Let y(t) = -5*t**3 + 7*t**2 + 7*t - 6. Let j(s) = 6*f(s) + y(s). Give j(0).
0
Let a(n) be the third derivative of -n**5/60 + n**4/24 + n**3/6 - 10*n**2. Calculate a(-2).
-5
Suppose 0*b = 5*b - 20, 0 = 3*v - 5*b + 2. Let m(n) = n + v*n - 9*n. Give m(2).
-4
Let s(d) be the second derivative of -11*d**3/6 + d**2/2 + 4*d. Let a be s(1). Let q be a*((-6)/(-4) - 2). Let r(j) = -j**2 + 4*j + 1. Give r(q).
-4
Let b(z) = -11*z**2 + z + 5. Let c(j) = 2*j + 0 - 23*j**2 + 11 + 0*j**2. Suppose -38 = 4*f - 5*r + 3, 0 = -3*r + 3. Let w(p) = f*b(p) + 4*c(p). What is w(-1)?
7
Let k(c) = -c + 1. Let o be k(-5). Let j(s) = s**2 - 6*s + 1. Determine j(o).
1
Let d(m) = m**2 + 6*m + 6. Let x(l) = l**3 + 3*l**2 + l - 1. Let g = 0 - -3. Suppose s + g = -0. Let j be x(s). What is d(j)?
-2
Suppose 2*c - 8 = -5*n, -4*n + 2*c + 3*c - 20 = 0. Let q(u) be the third derivative of u**6/120 + u**5/60 + u**4/24 - u**3/2 + u**2. Calculate q(n).
-3
Let o = 8 - 11. Let t be ((-1)/(o/9))/1. Let d(v) = 2*v**3 - v**t - 1 + 2*v + v**3. What is d(1)?
3
Let q(m) = -m**3 + 3*m**2 - 2. Let k be 1/(-2) + (-49)/(-14). Give q(k).
-2
Let b(u) be the second derivative of u**3/6 - 3*u**2/2 + u. Let t(p) = -3*p**2 - 1. Suppose 5*h + 0*h + 5 = 0. Let q be t(h). Calculate b(q).
-7
Let j(i) = 4*i - 2. Suppose -6 = 6*h + 12. What is j(h)?
-14
Let y(t) = -4 - 21 - 1 + 3 - 3*t. Let z(n) = n + 8. Let q(f) = -6*y(f) - 17*z(f). Let a(b) = b**2 + b - 4. Let c be a(0). Calculate q(c).
-2
Let v(u) be the third derivative of -u**4/24 + u**3/3 - 4*u**2. Determine v(-4).
6
Let t(a) be the third derivative of -1/120*a**6 + 1/12*a**5 + 2*a**2 + 0 + 0*a - 1/3*a**3 - 1/12*a**4. Let r = 10 + -6. Calculate t(r).
6
Let m(j) = j + 3. Let f(g) = 2. Let s(i) = -f(i) + m(i). Let z(v) = v**3 + v**2 - 5*v - 2. Let a be z(-3). Determine s(a).
-4
Let d(o) = o**3 + 2*o**2 - 2*o - 1. Let c be (-5 + 2)*(-14)/(-21). Give d(c).
3
Let o(v) = -v - 4. Let s be 5 + (1 - (5 + -2)). Let d be s - (-7 + -6 + 3). Let b = -19 + d. Give o(b).
2
Let g(d) = -1. Let o(c) = -c. Let k(m) = 3*g(m) - 2*o(m). Let b(j) = j**3 + 2*j**2 - 3*j - 3. Let a be b(-2). Suppose -a*n = n - 12. Calculate k(n).
3
Let q(i) be the second derivative of -i**6/120 - i**5/60 - i**4/24 + i**3/3 + i**2 + i. Let o(w) be the first derivative of q(w). Let c be 2*3/3 - 4. Give o(c).
8
Let g(u) be the second derivative of -u**5/20 + u**4/6 - u**3/3 + u**2/2 - 10*u. Give g(2).
-3
Let b(c) = 0 + 7*c - c**2 - 1 - 6*c + c**3. Let w(l) = l**2 + l - 4. Let v be w(-3). Give b(v).
5
Let b(o) = -7 - 6 + 14 + o**2. Give b(-2).
5
Let g be 18/8 - 9/(-12). Suppose 4*s + 0*w = -g*w + 55, 58 = 4*s + 2*w. Let j be (s/10)/((-4)/(-10)). Let a(o) = o**3 - 3*o**2 - 3*o - 1. Determine a(j).
3
Suppose 0*w = -3*w + 9. Let v be w/6*(-4 + 4). Let o(h) = -h**2 - h - 2. What is o(v)?
-2
Let d(m) = -2*m + 1. Suppose -6 = -2*l - 4, 7 = j + l. What is d(j)?
-11
Let i(q) = q + 3. Let g be i(3). Let s(p) = -p - 3 - p + g + 3*p. What is s(-6)?
-3
Let p(d) = d - 5. Suppose 24 = -0*q + 3*q - 3*k, 3*q = -2*k + 4. Give p(q).
-1
Let z be (-72)/(-20)*5/(-1). Let y = -11 - z. Suppose -4*h + y = -1. Let c(i) = -4*i + 3. Calculate c(h).
-5
Let b(a) = -4*a**3 - a**2 + a + 1. Let t be 8/60 + 34/(-30). Give b(t).
3
Let s(l) = l + 1. Let n(o) = -3*o**3 - 5*o**2 - 2 + 4*o**2 - o + 7 + 2*o**3. Let c be n(0). Calculate s(c).
6
Let s = 27 + -25. Let k(i) = -2*i**3 + 3*i**2 - i + 1. Give k(s).
-5
Let s(m) = m - 4. Suppose -4*j = 3*c - 7 - 36, 4*j = -c + 33. Let d be s(j). Let k(g) = g**2 + 2*g + 0*g - 4*g. Give k(d).
3
Suppose 0 = -2*c - 2*b - 46, -2*b - 74 = 3*c + 2*b. Let t = -13 - c. Let j(y) = -y + 10. Give j(t).
5
Suppose k = 3*m - 0*k - 6, -4*m - 4*k = -24. Let t(b) = b - 4. Give t(m).
-1
Let g be (19 - 16)*(-4)/(-6). Let a(m) = -m**3 + 3*m**2 - 4*m + 2. What is a(g)?
-2
Let k(v) be the second derivative of v**3/3 - v**2 + v. Let j be 5/(15/6) - 1. Let f be 2/(-4)*-6*j. What is k(f)?
4
Let l(c) = 7*c + 13. Let g(b) = -3*b - 7. Let y(w) = -5*g(w) - 2*l(w). Determine y(-7).
2
Let n(g) = g - 11. Let x(y) = 2*y - 21. Let f(o) = 5*n(o) - 3*x(o). Give f(0).
8
Suppose -y + 1 = 3*a, -4*y = -3*a - 8 + 4. Suppose 5*v + 10 = -2*c, a*v + 3*c = v + 2. Let t(s) = -2*s + 2*s**2 + 2*s**3 + s**2 + 1 + 3*s. Give t(v).
-5
Let c(w) = -w**2 + 3*w - 2. Let u(b) = -b**3 + 5*b**2 - 3*b + 3. Let m be u(3). 